{"id":40,"date":"2021-05-05T12:50:21","date_gmt":"2021-05-05T12:50:21","guid":{"rendered":"http:\/\/urbonavici.us\/?page_id=40"},"modified":"2021-05-05T12:50:22","modified_gmt":"2021-05-05T12:50:22","slug":"valstybes-yra-tiek-kiek-yra-laisvu-pilieciu","status":"publish","type":"page","link":"https:\/\/urbonavici.us\/index.php\/valstybes-yra-tiek-kiek-yra-laisvu-pilieciu\/","title":{"rendered":"Valstyb\u0117s yra tiek, kiek yra laisv\u0173 pilie\u010di\u0173"},"content":{"rendered":"\n<hr class=\"wp-block-separator\"\/>\n\n\n\n<p>Po ketveri\u0173 met\u0173 min\u0117sime Lietuvos Nepriklausomyb\u0117s Akto paskelbimo \u0161imtmet\u012f. \u0160iam \u012fvykiui rengtis prad\u0117ta prie\u0161 kelerius metus, kuriamos programos, sudaromos darbo grup\u0117s. Visi 1918 metai bus paskelbti \u0161imtme\u010dio metais, i\u0161leista daugyb\u0117 pinig\u0173 \u012fvairiems min\u0117jimams, \u012fam\u017einimams. O kas i\u0161 to paprastiems \u017emon\u0117ms? Ar mes tikrai turime t\u0105 valstyb\u0119, u\u017e kurios suk\u016brim\u0105 prie\u0161 beveik 100 met\u0173 pasira\u0161\u0117 Lietuvos Taryba?<\/p>\n\n\n\n<p><strong><em>1918 metais, skelbdama Lietuvos Nepriklausomyb\u0117s Akt\u0105, Lietuvos Taryba gal\u0117jo atsiremti \u012f lietuvi\u0173 tautos s\u0105mon\u0117je niekada galutinai nepra\u017euvusias valstybingumo tradicijas, siekian\u010dias kelis am\u017eius iki pirmojo Lietuvos karaliaus Mindaugo. Bet per visus tuos am\u017eius Lietuva, kaip savaranki\u0161ka valstyb\u0117, gyvavo labai trumpai. Kod\u0117l?<\/em><\/strong><\/p>\n\n\n\n<p>\u2013 Matyt, tai l\u0117m\u0117 daugyb\u0117 objektyvi\u0173 ir subjektyvi\u0173 prie\u017eas\u010di\u0173. XVII-XVIII a. Lietuv\u0105 siaub\u0117 ne tik \u0160vedijos, Rusijos kariuomen\u0117s, bet ir vis pasikartojan\u010dios maro epidemijos. Daugyb\u0117 kaim\u0173 liko tu\u0161ti, nedirbama \u017eem\u0117 apaugo mi\u0161kais. Po toki\u0173 nelaimi\u0173 atsigauti buvo sunku. Daugiau domiuosi S\u016bduvos istorija, tad galiu pasakyti, kad po 1710-1711 m. maro turtingoje graf\u0173 Butleri\u0173 valdomoje Prien\u0173 seni\u016bnijoje (tuo metu teritorija nuo Nemuno iki \u0160e\u0161up\u0117s) 71 kaime buvo lik\u0119 tik 13 \u0161eim\u0173. Ir vis d\u0117lto pagrindin\u0117 Abiej\u0173 Taut\u0173 Respublikos (\u017de\u010dpospolitos) \u017elugimo prie\u017eastis buvo ne karai ir ne maras, o vald\u017eios vir\u0161\u016bni\u0173 kriz\u0117, suve\u0161\u0117jusi j\u0173 puikyb\u0117, turt\u0173 godulys ir tarpusavio rietenos.<\/p>\n\n\n\n<p><strong><em>\u2013 Ar valstyb\u0117 gali jaustis laisva, tapusi kokios nors valstybi\u0173 grup\u0117s nare? Vos i\u0161sivadav\u0119 i\u0161 Soviet\u0173 S\u0105jungos sta\u010dia galva puol\u0117me \u012f kit\u0105 s\u0105jung\u0105 \u2013 Europos. D\u017eiaug\u0117m\u0117s tap\u0119 jos nariais, bet i\u0161 ties\u0173 v\u0117l \u012fki\u0161ome galv\u0105 \u012f kilp\u0105. Tapome priklausomi nuo Europos \u012fstatym\u0173, d\u0117l emigracijos praradome beveik milijon\u0105 gyventoj\u0173.<\/em><\/strong><\/p>\n\n\n\n<p>\u2013 Gerai sakote, sta\u010dia galva. Buvo \u017emoni\u0173, kurie si\u016bl\u0117 neskub\u0117ti, pagalvoti. Kam r\u016bp\u0117jo galvoti? Daug kas priklauso nuo m\u016bs\u0173 vald\u017eios vyr\u0173 ir moter\u0173, kurie da\u017enai dangstosi Europos S\u0105jungos teis\u0117s aktais, nesvarstydami, ar Lietuvai tai reikalinga, naudinga. U\u017etenka prisiminti ES Konstitucijos ratifikavim\u0105 Seime 2004 metais. Lietuviai pirmieji ratifikavo Europos S\u0105jungos Konstitucij\u0105, galima sakyti, ne tik \u012f j\u0105 ne\u012fsigilin\u0119, bet ir dorai neperskait\u0119. I\u0161 ties\u0173 reik\u0117jo pirma duoti \u012fvertinti teisininkams, tartis su \u017emon\u0117mis, o tik tada pasira\u0161yti. Priimant svarbius sprendimus da\u017eniau bailiai dairomasi, ar tik nebus pa\u017eeistas koks Europos S\u0105jungos teis\u0117s aktas, ar nebus koki\u0173 sankcij\u0173, k\u0105 apie mus pasakys. Lietuvos pilie\u010di\u0173 nuomon\u0117 da\u017eniausiai b\u016bna ne\u012fdomi. Sako, kad Europos S\u0105junga mums duoda, o kas suskai\u010diavo, kiek Europai duodame mes. Tuos pinigus, kuriuos gauname, mes jiems ir sugr\u0105\u017einame, pirkdami brangi\u0105 \u017eem\u0117s \u016bkio technik\u0105, kitk\u0105. Ar kas suskai\u010diavo, kiek \u017emoni\u0173 mes jiems i\u0161mokinome ir atidav\u0117me. Ten m\u016bs\u0173 pinigai i\u0161va\u017eiavo.<\/p>\n\n\n\n<p><strong><em>\u2013 Kiekviena emigracijos banga rei\u0161k\u0117, kad ka\u017ekas su valstybe negerai ir kiekviena ta banga valstybei kirsdavo per \u0161aknis. Kas liks i\u0161 m\u016bs\u0173 valstyb\u0117s \u0161akn\u0173 po paskutinio ir, neabejotinai, did\u017eiausio per vis\u0105 Lietuvos istorij\u0105 lietuvi\u0173 i\u0161sivaik\u0161\u010diojimo?<\/em><\/strong><\/p>\n\n\n\n<p>\u2013 Kaip sak\u0117 vienas i\u0161mintingas kolega, d\u0117l pastarojo laikotarpio ekonomin\u0117s politikos Lietuva neteko kelet\u0105 kart\u0173 daugiau \u017emoni\u0173 negu per tris XX a. okupacijas. Galima apsimesti, sakyti, kad viskas bus gerai, lietuviai (bent dalis) sugr\u012f\u0161, Lietuva nei\u0161sivaik\u0161\u010dios, ta\u010diau tai b\u016bt\u0173 tik sav\u0119s apgaudin\u0117jimas. Reikia bent vizijos, o tada ir veiksm\u0173, padedan\u010di\u0173 bent jau priart\u0117ti prie kalb\u0173. M\u016bs\u0173 intelektualai Krescencijus Sto\u0161kus, Vytautas Rad\u017evilas ir kiti apie tai kalba ir ra\u0161o, ta\u010diau tie, nuo kuri\u0173 kas nors priklauso, nieko nedaro. O daryti tikrai yra k\u0105. Apie provincijos problemas da\u017enai tik pakalbama, o kaimai ir toliau tu\u0161t\u0117ja, mokyklos u\u017edaromos. Keista tik kad gelton\u0173j\u0173 autobusiuk\u0173 nema\u017e\u0117ja.<\/p>\n\n\n\n<p><strong><em>\u2013 Valstyb\u0117 kuriama ant demokratijos pagrind\u0173, o demokratija \u012fmanoma tik tada, kai \u017emon\u0117s jau\u010diais laisvi. Ar lietuviai jau\u010diasi laisvi?<\/em><\/strong><\/p>\n\n\n\n<p>\u2013 Dabar pilie\u010diai da\u017eniau pagalvoja, kiek \u010dia tos demokratijos, galimyb\u0117s valdyti liaud\u017eiai Lietuvoje yra. Da\u017enai matome, kad \u017emoni\u0173 nuomon\u0117 visai nereikalinga, jeigu ji nesutampa su vald\u017eios nuomone. Tad kur \u010dia demokratija? Kol link\u010dioji galva, pritardamas auk\u0161\u010diau stovintiems, tol esi demokratas, bet kai tik pasakai savo nuomon\u0119, nesutampan\u010di\u0105 su vald\u017eios, gali b\u016bti i\u0161vadintas Kremliaus agentu. Ar galime sakyti, kad gyvename demokratin\u0117je \u0161alyje, jei s\u0105\u017einingai atliekantys savo pareigas pareig\u016bnai atleid\u017eiami i\u0161 darbo? Paprastas pilietis, pragyvenantis i\u0161 savo darbo, spaud\u017eiamas \u012f kamp\u0105 ir net niekinamas. Prisiminkime vieno liberal\u0173 lyderio pam\u0105stymus apie u\u017edirbant\u012f ma\u017eiau negu 5 t\u016bkst. lit\u0173 darbuotoj\u0105. Mes kartais demokratij\u0105 \u012fsivaizduojame tik kaip laisv\u0105 \u017eod\u012f, bet pamir\u0161tame, kad viskas susij\u0119 su \u017emogaus ekonomine laisve. Ma\u017eai kas gali oriai i\u0161gyventi. Lietuvoje yra laisvai m\u0105stan\u010di\u0173 \u017emoni\u0173, bet galimyb\u0117s jiems i\u0161sakyti savo mintis \u2013 ribotos. \u201eRespublika\u201c suteik\u0117 trib\u016bn\u0105 laisvai m\u0105stan\u010di\u0173 pilie\u010di\u0173 redakcinei kolegijai, gal\u0117jome juos i\u0161girsti. A\u010di\u016b u\u017e tai. Kiekvienas pilietis turi savo nuomon\u0119, bet daugum\u0105 veikia propaganda per televizori\u0173, kai kuri\u0105 spaud\u0105. Gaila, kad toki\u0173 \u017emoni\u0173, kaip \u201eRespublikos\u201c redakcin\u0117 kolegija, negalime gird\u0117ti vie\u0161ai. Ne\u017einau, ar j\u0173 ne\u012fsileid\u017eia, ar nekvie\u010dia, bet kitos nuomon\u0117s nelabai ir girdime.<\/p>\n\n\n\n<p><strong><em>\u2013 Ar galime i\u0161sirinkti laisvai vald\u017ei\u0105, prezident\u0105? Ar gali jaustis \u017emon\u0117s laisvi, balsuodami u\u017e partin\u012f s\u0105ra\u0161\u0105.<\/em><\/strong><\/p>\n\n\n\n<p>\u2013 Pamenate, kai tas pats kandidatas \u012f Seimo narius b\u016bdavo ir daugiamandat\u0117s, ir vienmandat\u0117s rinkim\u0173 apygardos s\u0105ra\u0161uose? Kaip koks atsarginis para\u0161iutas b\u016bdavo suteikiamas \u2013 ne \u010dia, tai ten pral\u012fs. Ir pral\u012fsdavo. Tokia pati dabar tvarka ir \u012f Europos Parlament\u0105. S\u0105ra\u0161uose ir Seimo nariai, ir ministrai ir net kandidatas \u012f prezidentus. Tarsi neb\u016bt\u0173 kit\u0173 kandidat\u0173? O kas sumok\u0117s u\u017e papildomus rinkimus \u012f laisvas Seimo nari\u0173 vietas, jei kandidatai pateks \u012f Europos Parlament\u0105? Nors k\u0105 \u010dia klausti, atsakymas ir taip ai\u0161kus. Taip ir atsiranda karaliuk\u0173, kurie nemato reikalo Lietuvos pilie\u010diui paai\u0161kinti savo sprendim\u0173. Taip dar did\u0117ja atskirtis tarp pilie\u010dio ir vald\u017eios. Demokratija pas mus da\u017enai imituojama. Tarytum ir pasiklausiama \u017emoni\u0173 nuomon\u0117s, bet jeigu ta nuomon\u0117 nesutampa su vald\u017eios, ji keliauja \u012f \u0161iuk\u0161lyn\u0105. Ar ne taip buvo rengiant apklaus\u0105 d\u0117l atomin\u0117s elektrin\u0117s. \u017dmon\u0117s balsavo, kad elektrin\u0117s nereikia, bet kas tos nuomon\u0117s klauso. Arba d\u0117l \u017eem\u0117s pardavimo u\u017esienie\u010diams. Tokiai ma\u017eai valstybei, kaip Lietuva, \u017eem\u0117 yra pagrindinis turtas. Turb\u016bt daug kas net ne\u012fsivaizduoja, koks tai didelis turtas. Vandens kiek nori, \u017eem\u0117 derlinga, tik reikia pasiimti, k\u0105 gamta duoda. Bet ne, m\u016bs\u0173 vald\u017eia i\u0161 vis\u0173 j\u0117g\u0173 \u012frodin\u0117ja, kad nieko neatsitiks, jeigu \u012fsileisime u\u017esienie\u010dius. Ar tikrai tikime, kad jie tinkamai r\u016bpinsis svetimos valstyb\u0117s \u017eeme? Gaila, bet kertame \u0161ak\u0105, ant kurios s\u0117dime, u\u017euot dar\u0119 tai, k\u0105 mokame geriausiai. Lietuvis gim\u0117 \u017eemdirbiu, kod\u0117l i\u0161 jo reikia atimti teis\u0119 \u017eem\u0119 dirbti. Prie\u0161kariu tik \u017eem\u0117s \u016bkis Lietuv\u0105 i\u0161ved\u0117. \u017dmon\u0117s sako, kad Seimo nari\u0173 per daug, bet s\u0117dintiems vald\u017eioje tai neatrodo problema. Buvusi finans\u0173 ministr\u0117 ne kart\u0105 yra sakiusi, kad suma\u017ein\u0119 Seimo nari\u0173 vis tiek nieko nesutaupytume. Tai \u2013 tik kruopos biud\u017eetui. Kas tada ne kruopos? Pus\u0117 Lietuvos va\u017eiavo \u012f Lenkij\u0105 apsipirkti, o ekonomistai vis tiek tvirtino, kad Lietuvos biud\u017eetui tas apsipirkimas neturi \u012ftakos. Skai\u010diuokime \u2013 vienoje vietoje \u012ftaka nedidel\u0117, kitoje, taip ir i\u0161m\u0117tome.<\/p>\n\n\n\n<p><strong><em>\u2013 Koks tur\u0117t\u0173 b\u016bti valstyb\u0117s prezidentas? Kiek jis turi b\u016bti atviras, kiek prieinamas? Kiek laisvas? Kokia jo atsakomyb\u0117 tautai?<\/em><\/strong><\/p>\n\n\n\n<p>\u2013 Konstitucijoje teigiama, kad m\u016bs\u0173 prezidentas daugiau gali\u0173 turi u\u017esienio politikoje. Nenor\u0117\u010diau su tuo visi\u0161kai sutikti. U\u017etenka t\u0173 gali\u0173 prezidentui ir vidaus politikoje. Jeigu prezidentas gali ministrams u\u017esienio kalbos egzamin\u0105 surengti, ar \u010dia ne galios? Prezidentas prokurorus, saugum\u0105, teis\u0117jus valdo. K\u0105 tai sako? Man atrodo, kad prezidentas gali\u0173 turi tiek, kiek jis nori. Jeigu naudosi tas galias geriems tikslams, bus ir geras rezultatas. Neu\u017etenka prezidentui gra\u017eiai atrodyti, gra\u017eiai \u0161nek\u0117ti, reikia dirbti d\u0117l \u017emoni\u0173. Prezidentas tur\u0117t\u0173 b\u016bti maksimaliai atsakingas u\u017e savo \u017eod\u017eius, veiksmus, nebijoti pripa\u017einti klaid\u0173. \u017dinoma, jis atviras ir prieinamas valstyb\u0117s pilie\u010diams. Visi\u0161kai laisv\u0173 \u017emoni\u0173 (kartu ir prezident\u0173) neb\u016bna, bet turint pilie\u010di\u0173 pasitik\u0117jim\u0105 ir palaikym\u0105 daug galima nuveikti. Laukiu nesulaukiu, kai m\u016bs\u0173 jaunimas, kuris i\u0161 Bristolio, Dublino ar Londono gal kiek kitaip mato Lietuvos problemas, pagaliau imsis darbo ir atsakomyb\u0117s u\u017e savo t\u0117v\u0173 \u017eem\u0119.<\/p>\n","protected":false},"excerpt":{"rendered":"<p>Po ketveri\u0173 met\u0173 min\u0117sime Lietuvos Nepriklausomyb\u0117s Akto paskelbimo \u0161imtmet\u012f. \u0160iam \u012fvykiui rengtis prad\u0117ta prie\u0161 kelerius metus, kuriamos programos, sudaromos darbo grup\u0117s. Visi 1918 metai bus paskelbti \u0161imtme\u010dio metais, i\u0161leista daugyb\u0117 pinig\u0173 \u012fvairiems min\u0117jimams, \u012fam\u017einimams. O kas i\u0161 to paprastiems \u017emon\u0117ms? Ar mes tikrai turime t\u0105 valstyb\u0119, u\u017e kurios suk\u016brim\u0105 prie\u0161 beveik 100 met\u0173 pasira\u0161\u0117 Lietuvos &hellip; <\/p>\n","protected":false},"author":1,"featured_media":0,"parent":0,"menu_order":0,"comment_status":"closed","ping_status":"closed","template":"","meta":{"om_disable_all_campaigns":false,"_monsterinsights_skip_tracking":false,"_monsterinsights_sitenote_active":false,"_monsterinsights_sitenote_note":"","_monsterinsights_sitenote_category":0},"_links":{"self":[{"href":"https:\/\/urbonavici.us\/index.php\/wp-json\/wp\/v2\/pages\/40"}],"collection":[{"href":"https:\/\/urbonavici.us\/index.php\/wp-json\/wp\/v2\/pages"}],"about":[{"href":"https:\/\/urbonavici.us\/index.php\/wp-json\/wp\/v2\/types\/page"}],"author":[{"embeddable":true,"href":"https:\/\/urbonavici.us\/index.php\/wp-json\/wp\/v2\/users\/1"}],"replies":[{"embeddable":true,"href":"https:\/\/urbonavici.us\/index.php\/wp-json\/wp\/v2\/comments?post=40"}],"version-history":[{"count":1,"href":"https:\/\/urbonavici.us\/index.php\/wp-json\/wp\/v2\/pages\/40\/revisions"}],"predecessor-version":[{"id":41,"href":"https:\/\/urbonavici.us\/index.php\/wp-json\/wp\/v2\/pages\/40\/revisions\/41"}],"wp:attachment":[{"href":"https:\/\/urbonavici.us\/index.php\/wp-json\/wp\/v2\/media?parent=40"}],"curies":[{"name":"wp","href":"https:\/\/api.w.org\/{rel}","templated":true}]}}